5 is divided by 208?
65
Calculate the remainder when 940 is divided by 374.
192
What is the remainder when 44371 is divided by 12?
7
What is the remainder when 97771 is divided by 163?
134
Calculate the remainder when 43634 is divided by 157.
145
What is the remainder when 4288 is divided by 49?
25
What is the remainder when 5584 is divided by 1081?
179
What is the remainder when 2214713 is divided by 21?
11
What is the remainder when 9864 is divided by 608?
136
What is the remainder when 20647 is divided by 1199?
264
What is the remainder when 4607 is divided by 766?
11
What is the remainder when 89154 is divided by 743?
737
Calculate the remainder when 15744 is divided by 79.
23
What is the remainder when 177949 is divided by 177945?
4
Calculate the remainder when 665127 is divided by 13.
8
What is the remainder when 101912 is divided by 23?
22
What is the remainder when 943362 is divided by 61?
58
What is the remainder when 1946 is divided by 53?
38
Calculate the remainder when 21264 is divided by 926.
892
What is the remainder when 6741 is divided by 36?
9
Calculate the remainder when 32599 is divided by 219.
187
Calculate the remainder when 110030 is divided by 1719.
14
Calculate the remainder when 3276 is divided by 433.
245
What is the remainder when 566776 is divided by 25762?
12
Calculate the remainder when 34483 is divided by 50.
33
Calculate the remainder when 68500 is divided by 522.
118
What is the remainder when 136758 is divided by 59?
55
Calculate the remainder when 252859 is divided by 538.
537
What is the remainder when 12320 is divided by 4086?
62
Calculate the remainder when 257108 is divided by 15.
8
What is the remainder when 56602 is divided by 60?
22
What is the remainder when 65521 is divided by 220?
181
Calculate the remainder when 818 is divided by 250.
68
What is the remainder when 9595 is divided by 96?
91
Calculate the remainder when 39381 is divided by 61.
36
What is the remainder when 359765 is divided by 198?
197
What is the remainder when 592196 is divided by 282?
278
Calculate the remainder when 5462 is divided by 1351.
58
What is the remainder when 144714 is divided by 367?
116
What is the remainder when 319302 is divided by 1804?
1798
What is the remainder when 96953 is divided by 19?
15
What is the remainder when 1292 is divided by 356?
224
What is the remainder when 4383 is divided by 1461?
0
What is the remainder when 686069 is divided by 270?
269
Calculate the remainder when 796 is divided by 163.
144
What is the remainder when 732973 is divided by 244?
241
Calculate the remainder when 519021 is divided by 14.
13
Calculate the remainder when 71536 is divided by 1555.
6
Calculate the remainder when 43193 is divided by 2399.
11
What is the remainder when 316 is divided by 77?
8
Calculate the remainder when 6533 is divided by 1162.
723
What is the remainder when 121442 is divided by 201?
38
What is the remainder when 78886 is divided by 114?
112
Calculate the remainder when 740 is divided by 243.
11
What is the remainder when 4209 is divided by 205?
109
Calculate the remainder when 31966 is divided by 10145.
1531
Calculate the remainder when 161735 is divided by 276.
275
What is the remainder when 11908 is divided by 224?
36
Calculate the remainder when 767 is divided by 44.
19
Calculate the remainder when 14383 is divided by 802.
749
Calculate the remainder when 3113 is divided by 1365.
383
What is the remainder when 47224 is divided by 583?
1
What is the remainder when 3126 is divided by 67?
44
What is the remainder when 159205 is divided by 9?
4
What is the remainder when 163177 is divided by 5?
2
Calculate the remainder when 323735 is divided by 123.
122
Calculate the remainder when 384880 is divided by 941.
11
What is the remainder when 14539 is divided by 291?
280
Calculate the remainder when 218116 is divided by 779.
775
What is the remainder when 27765 is divided by 3466?
37
Calculate the remainder when 36689 is divided by 181.
127
What is the remainder when 6436 is divided by 65?
1
Calculate the remainder when 3660 is divided by 1545.
570
Calculate the remainder when 11952 is divided by 136.
120
Calculate the remainder when 728227 is divided by 91028.
3
What is the remainder when 439573 is divided by 46?
43
Calculate the remainder when 4020 is divided by 33.
27
Calculate the remainder when 447757 is divided by 2816.
13
What is the remainder when 161065 is divided by 210?
205
Calculate the remainder when 28386 is divided by 716.
462
Calculate the remainder when 28139 is divided by 3.
2
Calculate the remainder when 20367 is divided by 3389.
33
Calculate the remainder when 503537 is divided by 340.
337
Calculate the remainder when 1394 is divided by 424.
122
Calculate the remainder when 5175 is divided by 366.
51
What is the remainder when 558140 is divided by 912?
908
Calculate the remainder when 4465 is divided by 1336.
457
What is the remainder when 7292 is divided by 204?
152
What is the remainder when 113365 is divided by 8?
5
What is the remainder when 4036 is divided by 28?
4
Calculate the remainder when 188677 is divided by 94331.
15
What is the remainder when 495876 is divided by 184?
180
What is the remainder when 1696 is divided by 668?
360
Calculate the remainder when 3966 is divided by 248.
246
What is the remainder when 651 is divided by 362?
289
What is the remainder when 4358 is divided by 574?
340
What is the remainder when 756596 is divided by 3?
2
What is the remainder when 3707 is divided by 3548?
159
Calculate the remainder when 1118907 is divided by 7.
6
What is the remainder when 520788 is divided by 222?
198
What is the remainder when 500746 is divided by 50?
46
What is the remainder when 2055 is divided by 193?
125
What is the remainder when 5885 is divided by 5878?
7
What is the remainder when 137250 is divided by 7223?
13
Calculate the remainder when 8158 is divided by 8102.
56
Calculate the remainder when 1064 is divided by 29.
20
Calculate the remainder when 118251 is divided by 17.
16
What is the remainder when 16368 is divided by 141?
12
Calculate the remainder when 16016 is divided by 5334.
14
Calculate the remainder when 84561 is divided by 3.
0
Calculate the remainder when 48561 is divided by 12.
9
What is the remainder when 44575 is divided by 7?
6
What is the remainder when 6305 is divided by 31?
12
What is the remainder when 2050 is divided by 994?
62
Calculate the remainder when 32943 is divided by 164.
143
Calculate the remainder when 303779 is divided by 327.
323
What is the remainder when 5487 is divided by 908?
39
What is the remainder when 293728 is divided by 388?
12
What is the remainder when 386295 is divided by 33?
30
What is the remainder when 4540 is divided by 584?
452
What is the remainder when 3021 is divided by 75?
21
What is the remainder when 4297 is divided by 1390?
127
Calculate the remainder when 52493 is divided by 59.
42
Calculate the remainder when 115937 is divided by 124.
121
What is the remainder when 75790 is divided by 115?
5
Calculate the remainder when 4149 is divided by 200.
149
Calculate the remainder when 2243 is divided by 618.
389
What is the remainder when 25044 is divided by 3?
0
Calculate the remainder when 3436 is divided by 1137.
25
Calculate the remainder when 51693 is divided by 127.
4
Calculate the remainder when 35397 is divided by 2943.
81
Calculate the remainder when 14751 is divided by 10.
1
Calculate the remainder when 68053 is divided by 46.
19
What is the remainder when 58503 is divided by 19500?
3
What is the remainder when 2434 is divided by 152?
2
What is the remainder when 8706 is divided by 20?
6
What is the remainder when 87804 is divided by 1394?
1376
What is the remainder when 399 is divided by 383?
16
Calculate the remainder when 186685 is divided by 791.
9
Calculate the remainder when 27080 is divided by 146.
70
What is the remainder when 12216 is divided by 93?
33
What is the remainder when 7395 is divided by 571?
543
Calculate the remainder when 217152 is divided by 40.
32
What is the remainder when 5187 is divided by 318?
99
What is the remainder when 337816 is divided by 20?
16
What is the remainder when 4962 is divided by 150?
12
What is the remainder when 41718 is divided by 128?
118
What is t